{"version":"1.0","provider_name":"","provider_url":"https:\/\/biblsokol.org.pl\/pracownia","author_name":"QF","author_url":"https:\/\/biblsokol.org.pl\/pracownia\/author\/adm1n-biblsokol-001x\/","title":"Dzie\u0144 Targowy na Du\u017cym Rynku -","type":"rich","width":600,"height":338,"html":"<blockquote class=\"wp-embedded-content\" data-secret=\"mgNwHQdQ6Q\"><a href=\"https:\/\/biblsokol.org.pl\/pracownia\/dzien-targowy-na-duzym-rynku\/\">Dzie\u0144 Targowy na Du\u017cym Rynku<\/a><\/blockquote><iframe sandbox=\"allow-scripts\" security=\"restricted\" src=\"https:\/\/biblsokol.org.pl\/pracownia\/dzien-targowy-na-duzym-rynku\/embed\/#?secret=mgNwHQdQ6Q\" width=\"600\" height=\"338\" title=\"&#8222;Dzie\u0144 Targowy na Du\u017cym Rynku&#8221; &#8212; \" data-secret=\"mgNwHQdQ6Q\" frameborder=\"0\" marginwidth=\"0\" marginheight=\"0\" scrolling=\"no\" class=\"wp-embedded-content\"><\/iframe><script type=\"text\/javascript\">\n\/* <![CDATA[ *\/\n\/*! This file is auto-generated *\/\n!function(d,l){\"use strict\";l.querySelector&&d.addEventListener&&\"undefined\"!=typeof URL&&(d.wp=d.wp||{},d.wp.receiveEmbedMessage||(d.wp.receiveEmbedMessage=function(e){var t=e.data;if((t||t.secret||t.message||t.value)&&!\/[^a-zA-Z0-9]\/.test(t.secret)){for(var s,r,n,a=l.querySelectorAll('iframe[data-secret=\"'+t.secret+'\"]'),o=l.querySelectorAll('blockquote[data-secret=\"'+t.secret+'\"]'),c=new RegExp(\"^https?:$\",\"i\"),i=0;i<o.length;i++)o[i].style.display=\"none\";for(i=0;i<a.length;i++)s=a[i],e.source===s.contentWindow&&(s.removeAttribute(\"style\"),\"height\"===t.message?(1e3<(r=parseInt(t.value,10))?r=1e3:~~r<200&&(r=200),s.height=r):\"link\"===t.message&&(r=new URL(s.getAttribute(\"src\")),n=new URL(t.value),c.test(n.protocol))&&n.host===r.host&&l.activeElement===s&&(d.top.location.href=t.value))}},d.addEventListener(\"message\",d.wp.receiveEmbedMessage,!1),l.addEventListener(\"DOMContentLoaded\",function(){for(var e,t,s=l.querySelectorAll(\"iframe.wp-embedded-content\"),r=0;r<s.length;r++)(t=(e=s[r]).getAttribute(\"data-secret\"))||(t=Math.random().toString(36).substring(2,12),e.src+=\"#?secret=\"+t,e.setAttribute(\"data-secret\",t)),e.contentWindow.postMessage({message:\"ready\",secret:t},\"*\")},!1)))}(window,document);\n\/* ]]> *\/\n<\/script>\n","description":"Dzie\u0144 Targowy na Du\u017cym Rynku Do roku 1939 \u015bcis\u0142e centrum Soko\u0142owa pe\u0142ni\u0142o istotne funkcje zwi\u0105zane z handlem, komunikacj\u0105 oraz by\u0142o miejscem zgromadze\u0144 mieszka\u0144c\u00f3w podczas wa\u017cnych uroczysto\u015bci pa\u0144stwowych. W okresie mi\u0119dzywojennym placu nadano honorow\u0105 nazw\u0119 od imienia ks. Stanis\u0142awa Brz\u00f3ski. Je\u017celi chcieliby Pa\u0144stwo uzupe\u0142ni\u0107 lub poprawi\u0107 podane przez nas informacje, prosimy o kontakt: Miejska Biblioteka PublicznaPracownia [&hellip;]","thumbnail_url":"https:\/\/biblsokol.org.pl\/pracownia\/wp-content\/uploads\/2025\/07\/Fot._001.jpg"}

Dzień Targowy na Dużym Rynku -

<blockquote class="wp-embedded-content" data-secret="mgNwHQdQ6Q"><a href="https://biblsokol.org.pl/pracownia/dzien-targowy-na-duzym-rynku/">Dzień Targowy na Dużym Rynku</a></blockquote><iframe sandbox="allow-scripts" security="restricted" src="https://biblsokol.org.pl/pracownia/dzien-targowy-na-duzym-rynku/embed/#?secret=mgNwHQdQ6Q" width="600" height="338" title="&#8222;Dzień Targowy na Dużym Rynku&#8221; &#8212; " data-secret="mgNwHQdQ6Q" frameborder="0" marginwidth="0" marginheight="0" scrolling="no" class="wp-embedded-content"></iframe><script type="text/javascript">
/* <![CDATA[ */
/*! This file is auto-generated */
!function(d,l){"use strict";l.querySelector&&d.addEventListener&&"undefined"!=typeof URL&&(d.wp=d.wp||{},d.wp.receiveEmbedMessage||(d.wp.receiveEmbedMessage=function(e){var t=e.data;if((t||t.secret||t.message||t.value)&&!/[^a-zA-Z0-9]/.test(t.secret)){for(var s,r,n,a=l.querySelectorAll('iframe[data-secret="'+t.secret+'"]'),o=l.querySelectorAll('blockquote[data-secret="'+t.secret+'"]'),c=new RegExp("^https?:$","i"),i=0;i<o.length;i++)o[i].style.display="none";for(i=0;i<a.length;i++)s=a[i],e.source===s.contentWindow&&(s.removeAttribute("style"),"height"===t.message?(1e3<(r=parseInt(t.value,10))?r=1e3:~~r<200&&(r=200),s.height=r):"link"===t.message&&(r=new URL(s.getAttribute("src")),n=new URL(t.value),c.test(n.protocol))&&n.host===r.host&&l.activeElement===s&&(d.top.location.href=t.value))}},d.addEventListener("message",d.wp.receiveEmbedMessage,!1),l.addEventListener("DOMContentLoaded",function(){for(var e,t,s=l.querySelectorAll("iframe.wp-embedded-content"),r=0;r<s.length;r++)(t=(e=s[r]).getAttribute("data-secret"))||(t=Math.random().toString(36).substring(2,12),e.src+="#?secret="+t,e.setAttribute("data-secret",t)),e.contentWindow.postMessage({message:"ready",secret:t},"*")},!1)))}(window,document);
/* ]]> */
</script>

Dzień Targowy na Dużym Rynku Do roku 1939 ścisłe centrum Sokołowa pełniło istotne funkcje związane z handlem, komunikacją oraz było miejscem zgromadzeń mieszkańców podczas ważnych uroczystości państwowych. W okresie międzywojennym placu nadano honorową nazwę od imienia ks. Stanisława Brzóski. Jeżeli chcieliby Państwo uzupełnić lub poprawić podane przez nas informacje, prosimy o kontakt: Miejska Biblioteka PublicznaPracownia [&hellip;]
